(m) = -m**3 + 84*m**2 - 164*m + 1. Calculate s(82).
1
Let c(v) = -v**3 + 2*v**2 + 17*v - 27. What is c(7)?
-153
Let r(g) = -g**3 + 5*g**2 - 14*g + 19. Give r(3).
-5
Let b(h) = -7*h + 34. Calculate b(5).
-1
Let v(h) = -h**2 + 39*h - 59. Determine v(38).
-21
Let a(l) = 426*l**2 - 3*l + 2. Give a(1).
425
Let c(w) = w**2 - 42*w + 288. Determine c(30).
-72
Let v(y) = 352*y - 13836. Give v(39).
-108
Let m(h) = 2*h**3 + 6*h**2 - 12*h + 32. Calculate m(3).
104
Let p(c) = 34*c - 67. Determine p(2).
1
Let c(k) = -2*k**3 - 8*k**2 - 2*k + 4. Determine c(-3).
-8
Let r(d) = 11*d**2 - 121*d - 7. Give r(11).
-7
Let m(b) = b**3 - 10*b - 42. What is m(4)?
-18
Let d(o) = -4*o + 38. Calculate d(30).
-82
Let m(t) = t**3 - 9*t**2 + 15*t + 23. Calculate m(8).
79
Let x(h) = -h**3 + 11*h**2 - 14*h - 66. Determine x(7).
32
Let z(o) = -3*o**2 + 110*o + 29. Determine z(37).
-8
Let l(w) = -352*w - 2. Give l(0).
-2
Let g(a) = -4*a**3 - 18*a**2 + 9*a + 10. What is g(-4)?
-58
Let w(f) = 1658*f + 4962. What is w(-3)?
-12
Let f(k) = k**2 - 78*k - 16. Calculate f(5).
-381
Let u(p) = -329*p + 4878. Determine u(15).
-57
Let l(f) = -2160*f - 36743. Give l(-17).
-23
Let g(u) = -5*u**2 + 378*u + 152. Calculate g(76).
0
Let f(l) = 124*l + 1303. Determine f(-13).
-309
Let q(o) = -5*o**2 + 520*o + 860. What is q(105)?
335
Let h(d) = d**3 - 19*d**2 + 44*d + 45. Calculate h(16).
-19
Let m(x) = -2*x**2 + 22*x + 6. Give m(11).
6
Let k(a) = a**3 - 28*a**2 + 27*a - 30. Determine k(27).
-30
Let i(s) = 5*s**3 - 51*s**2 + 15*s - 43. Calculate i(10).
7
Let t(w) = -w**3 - 10*w**2 - 20*w - 69. What is t(-9)?
30
Let i(s) = -s**2 + s - 32. Calculate i(0).
-32
Let j(z) = z**3 - 17*z**2 + 11*z + 80. Calculate j(16).
0
Let l(i) = 359*i + 2127. What is l(-6)?
-27
Let d(n) = 12*n + 74. Determine d(-16).
-118
Let c(b) = -3*b**2 + 75*b - 344. Give c(19).
-2
Let t(g) = -g**3 - 151*g**2 - 2042*g - 236. What is t(-136)?
36
Let c(x) = -2*x**3 + 18*x**2 + 285*x - 2673. Determine c(10).
-23
Let w(g) = 14849*g + 103939. Calculate w(-7).
-4
Let j(a) = -68*a**2 - 3809*a - 62. Calculate j(-56).
-6
Let p(d) = -d**2 + 35*d + 194. Give p(37).
120
Let p(r) = -2*r**2 - 460*r - 1381. Calculate p(-3).
-19
Let p(u) = -119*u - 546. What is p(-5)?
49
Let c(b) = -7*b**2 - 204*b - 6. What is c(-29)?
23
Let g(c) = -c**3 + 10*c**2 - 33*c - 21. Give g(8).
-157
Let c(g) = g**3 - 20*g**2 + 48*g + 93. Determine c(17).
42
Let a(h) = 193*h - 980. What is a(5)?
-15
Let o(a) = -a**2 - 51*a - 194. What is o(-43)?
150
Let b(v) = -v**2 - 52*v - 45. Give b(-51).
6
Let h(y) = -47*y - 4185. What is h(-85)?
-190
Let m(j) = j**3 - 12*j**2 + 19*j - 34. Calculate m(10).
-44
Let g(c) = -c**3 + 5*c**2 - 38*c + 155. Determine g(4).
19
Let q(d) = d**2 + 199*d - 2080. What is q(10)?
10
Let i(j) = 2*j**2 - 150*j - 3352. Determine i(-18).
-4
Let n(h) = 148*h + 10050. What is n(-68)?
-14
Let y(m) = 832*m + 7477. Give y(-9).
-11
Let j(g) = -196*g - 5. Give j(-1).
191
Let v(y) = y**3 + 8*y**2 - 6*y - 82. What is v(-8)?
-34
Let l(t) = 9786*t + 39117. What is l(-4)?
-27
Let a(u) = 2*u**2 - 135*u - 449. Calculate a(-3).
-26
Let g(k) = 13*k + 10. Give g(-5).
-55
Let h(v) = -3*v**2 + v - 919. Determine h(0).
-919
Let z(j) = -7*j**3 - 61*j**2 - 13*j - 46. Calculate z(-9).
233
Let y(z) = -64*z - 176. What is y(-5)?
144
Let p(n) = n**2 - 65*n - 350. Calculate p(-5).
0
Let s(z) = z**3 + z**2 - 2*z - 15. What is s(0)?
-15
Let k(p) = 62*p - 1253. Calculate k(20).
-13
Let r(f) = -f**3 + 19*f**2 - 5*f + 492. Determine r(20).
-8
Let d(h) = -10*h + 336. What is d(32)?
16
Let z(u) = -355*u + 107915. Determine z(304).
-5
Let t(m) = 10*m + 498. Determine t(-44).
58
Let x(b) = 6009*b - 6012. Determine x(1).
-3
Let g(p) = 225*p + 30591. Calculate g(-136).
-9
Let y(a) = -a**3 - 7*a**2 + 19*a - 46. Give y(-10).
64
Let h(w) = w**3 + 16*w**2 - 29*w - 102. Calculate h(-18).
-228
Let h(r) = -2*r**2 + 232*r + 1174. Determine h(121).
-36
Let g(f) = -267*f**2 + 21617*f + 817. Calculate g(81).
7
Let g(w) = 19*w**3 + 10*w**2 - 20*w + 5. Determine g(2).
157
Let j(p) = -p**3 - 16*p**2 + 44*p - 62. Determine j(-18).
-206
Let q(b) = -b**3 + 15*b**2 - 43*b - 63. Determine q(10).
7
Let p(l) = -40*l + 950. What is p(27)?
-130
Let d(y) = -6*y**3 + 4*y**2 + 17*y - 62. What is d(4)?
-314
Let q(y) = -8*y**2 - 10*y + 1. Give q(-1).
3
Let n(c) = -c**3 - 47*c**2 - 81*c + 406. Calculate n(-45).
1
Let o(s) = 235*s + 1245. Give o(-6).
-165
Let p(y) = 46*y**2 - 601*y + 31. Give p(13).
-8
Let z(n) = n**3 + 16*n**2 - 2*n + 66. Give z(-17).
-189
Let q(m) = m**3 - 11*m**2 + 41*m - 9. Determine q(4).
43
Let y(r) = -168*r - 1846. What is y(-11)?
2
Let d(j) = -2*j**2 - 7*j + 75. Calculate d(-9).
-24
Let g(u) = u**3 - 2*u**2 + 6*u + 10. Calculate g(0).
10
Let m(j) = 29*j**2 - 14*j - 3. Determine m(2).
85
Let g(r) = -10*r**3 - 44*r**2 + 6*r + 20. Calculate g(-4).
-68
Let q(m) = 2*m**2 - 293*m - 1794. Calculate q(-6).
36
Let m(c) = c**2 - 165*c + 1942. What is m(12)?
106
Let p(t) = 33*t + 948. Give p(-26).
90
Let b(q) = 4*q**2 + 16*q - 64. Give b(3).
20
Let t(h) = h**3 + 7*h**2 - 168*h - 18. What is t(10)?
2
Let s(b) = -221*b**2 - 29*b + 28. Calculate s(1).
-222
Let n(i) = -6*i**2 + 6*i + 135. Calculate n(-8).
-297
Let s(x) = 22*x + 195. What is s(-10)?
-25
Let r(f) = 2*f**3 - 59*f**2 + 31*f - 42. Determine r(29).
16
Let x(h) = -42*h**2 + 494*h + 110. Determine x(12).
-10
Let s(o) = 5*o - 247. What is s(32)?
-87
Let s(x) = 43*x - 1250. Give s(37).
341
Let n(x) = -7*x + 34. Calculate n(9).
-29
Let a(w) = -98*w + 357. Calculate a(8).
-427
Let z(g) = -65*g - 5987. What is z(-93)?
58
Let x(i) = -i**2 + 14*i - 34. Determine x(3).
-1
Let f(h) = -2*h**3 + 208*h**2 - 406*h - 223. Give f(102).
-19
Let f(g) = g**2 + 51*g - 517. What is f(9)?
23
Let u(w) = w**2 - 10*w - 5. What is u(7)?
-26
Let a(y) = y**2 - 29*y - 101. Calculate a(23).
-239
Let n(i) = -i**2 + 75*i + 398. What is n(-5)?
-2
Let q(f) = -10*f + 518. What is q(49)?
28
Let o(t) = 5*t**2 - 27*t - 564. Calculate o(-8).
-28
Let d(i) = -26*i**2 + 194*i - 88. Calculate d(7).
-4
Let x(b) = 4*b**3 - 164*b**2 - 7*b + 310. Give x(41).
23
Let h(y) = y**3 - 8*y**2 + 8*y - 15. Give h(10).
265
Let r(s) = -14*s**2 + 337*s - 32. Determine r(24).
-8
Let g(z) = z**3 - 24*z**2 - 12*z + 210. What is g(10)?
-1310
Let s(o) = 57*o + 622. Calculate s(-11).
-5
Let b(j) = -j**3 - 80*j**2 + 428*j + 253. What is b(-85)?
-2
Let q(a) = a**3 + 11*a**2 + 4*a - 62. Determine q(-10).
-2
Let w(j) = j**3 + 18*j**2 - 9*j + 234. What is w(-19)?
44
Let k(n) = -256*n + 13576. Give k(53).
8
Let h(v) = -2*v**3 + 35*v**2 + 15*v + 25. Give h(18).
-29
Let f(w) = -2*w**3 + 81*w**2 + 40*w + 102. Determine f(41).
61
Let j(x) = -597*x - 1209. Give j(-2).
-15
Let q(p) = p**3 - 61*p**2 + 63*p - 154. Determine q(60).
26
Let r(w) = 37*w + 181. What is r(-2)?
107
Let i(t) = 4*t**2 + 13*t + 2. Calculate i(-3).
-1
Let v(h) = 669*h + 7353. What is v(-11)?
-6
Let w(q) = -26*q**2 + 1482*q - 3. Give w(57).
-3
Let o(z) = -5*z**2 + 403*z - 2248. Calculate o(6).
-10
Let c(z) = 2*z**2 - 12*z - 359. Give c(17).
15
Let j(q) = -q**3 + 14*q**2 + 13*q - 11. Calculate j(16).
-315
Let f(v) = -39*v + 1422. What is f(37)?
-21
Let y(t) = -5*t**3 - 159*t**2 + 50*t + 582. What is y(-32)?
6
Let n(a) = -a**2 - 14*a - 70. Calculate n(-8).
-22
Let g(v) = 9*v**2 - 11*v + 6. Give g(1).
4
Let s(w) = 3*w**3 - 2*w**2 + 4*w + 30. Calculate s(0).
30
Let r(y) = -21*y - 845. Calculate r(-39).
-26
Let t(u) = -u**2 - 27*u - 152. What is t(-9)?
10
Let l(r) = -r**3 + 38*r**2 + 70*r - 123. What is l(40)?
-523
Let l(v) = -2*v**2 - 10*v + 20. What is l(2)?
-8
Let m(b) = 9*b**2 - 399*b + 136. What is m(44)?
4
Let o(w) = -w**2 + 47*w + 334. Give o(54).
-44
Let l(s) = 61*s - 86. Calculate l(-3).
-269
Let s(u) = 3*u**2 + 48*u + 47. Determine s(-17).
98
Let z(c) = c**2 - 40*c + 140. What is z(34)?
-64
Let t(l) = 2*l**3 - 122*l**2 + 2*l - 92. What is t(61)?
30
Let v(b) = b**2 + 6*b - 10. Give v(2).
6
Let i(l) = l**2 + 10*l - 269. What is i(12)?
-5
Let j(r) = 2*r - 293. Give j(-37).
-367
Let r(z) = z**3 - 67*z**2 - 771*z + 78. Determine r(77).
1
Let i(a) = -8*a - 284. What is i(-47)?
92
Let w(y) = y**3 - 52*y**2 + 272*y + 174. Determine w(46).
-10
Let o(m) = -m**3 - 4*m**2 + 1217*m + 67. Give o(33).
-65
Let s(u) = -u**3 - 32*u**2 - 114*u - 50. Determine s(-28